31*v**2 + 18*v. What is f(-7)?
-18
Let x(h) = -7 + 0 - 2*h**2 + 4 + 183*h - 178*h. Suppose 2*i - 3 = -27. Let b = -9 - i. Give x(b).
-6
Let q = -127 + 124. Let a(s) = 13*s. Let t(m) = 4*m - 26*m - 27*m - 3*m. Let b(i) = q*t(i) - 13*a(i). What is b(1)?
-13
Let d(n) be the third derivative of n**8/20160 - n**7/1680 - n**6/144 - 11*n**5/30 + 4*n**2 + 4*n. Let f(y) be the third derivative of d(y). Determine f(4).
-1
Let u(y) be the second derivative of -1/30*y**5 + 3*y - 2*y**4 + 0*y**3 + 1/2*y**2 + 3 + 1/720*y**6. Let z(q) be the third derivative of u(q). Determine z(0).
-4
Let b(x) = -11*x + 3. Let l(z) = -2*z + 1. Let q(f) = -4*f + 2. Let a(j) = 5*l(j) - 3*q(j). Let p(o) = 5*a(o) + b(o). Give p(-3).
1
Suppose -18*r + 11981 = 3251. Let c = 484 - r. Let s(v) = -5*v**2. Calculate s(c).
-5
Let f(t) be the first derivative of 2*t**3/3 - 5*t**2 - 7*t + 722. Calculate f(-1).
5
Let v = -28 - -31. Let p(z) = -4*z**2 - 2 + 2*z**2 + v*z + z**2. Give p(5).
-12
Let a(c) = c**3 - 3*c**2 - 2*c - 7. Let f be (-18)/14 - 16236/(-2583). What is a(f)?
33
Let l = 33 - 68. Let u be (-20)/3*(-7 - 203/l). Let o be ((-189)/(-84))/(3/u). Let t(z) = -z**3 + 7*z**2 - 8*z + 9. Give t(o).
-3
Let z(b) = -5*b - 72. Let p be z(-26). Let q = 48 - p. Let y(a) = -a - 12. Give y(q).
-2
Let q(u) = -7*u - u**2 + 7*u + u**3. Let d(p) = 2*p**3 - 10*p**2 - 1. Let s be (6 + 0)/((-48)/24). Let r(x) = s*q(x) + d(x). Calculate r(-7).
-1
Let t(r) = -7214 - 4*r + 0*r - 3*r + 7213 + 6*r. Let j(d) be the third derivative of -d**4/24 + 3*d**3/2 - 6*d**2. Let q be j(4). What is t(q)?
-6
Let u(z) = 12*z + 20*z - 15 + 18*z + 21 - 53*z. Give u(-5).
21
Let o(f) = 3*f**2 - 7*f**2 + 18*f**2 + f**3 + 5*f - 7*f**2 + 17 + 19. Determine o(-7).
1
Let q(t) be the second derivative of 1/2*t**2 + 0 + 1/12*t**4 - 13*t + 1/6*t**3. Let x(l) = -11*l**3 + 2*l**2 + 4*l + 5. Let a(r) = 4*q(r) - x(r). Give a(-1).
-10
Suppose 0 = 3*c - x + 43, -4*c + 4*x - 4 = 48. Let i be 5*4/(-16)*(-11 - c). Let w(n) = 3*n + n**2 - 2 - 4 + 1. Give w(i).
5
Let m(o) be the second derivative of 5/2*o**2 - 13*o + 0 - 1/6*o**3 - 1/6*o**4. Let f(q) be the first derivative of m(q). Give f(-1).
3
Let f(w) be the second derivative of 2*w**5 - w**3/3 - w**2/2 + 12074*w. What is f(-1)?
-39
Let n(y) be the third derivative of y**5/10 - y**4/4 + 3*y**3/2 + 25*y**2 + 17*y. What is n(2)?
21
Let x(y) = -4*y**3 + y + 1. Let i(k) = -5*k - 5. Let r(p) = 14*p + 15. Let z(f) = -8*i(f) - 3*r(f). Let w be z(-2). What is x(w)?
4
Suppose 33*q - 44*q = -44. Let j(r) = r**3 - 6*r**2 + 11*r - 12. Calculate j(q).
0
Let t(q) = -23 - 2*q - 91 + 22 + 1 + 31. What is t(-22)?
-16
Let t(o) = -83*o + 30. Let q(u) = 13*u - 1. Let r(j) = 6*q(j) + t(j). Suppose 7*s - 13 = 29. Determine r(s).
-6
Let r(j) be the third derivative of 13*j**4/24 + j**3/2 - 95*j**2 - 3. Calculate r(5).
68
Let d(s) be the first derivative of s**4/4 - 3*s**3 + 3*s**2 + 10*s + 13. Suppose 48*u - 63*u + 720 = 75*u. What is d(u)?
-6
Let l(t) = 2*t - 4. Suppose -11*g = i - 15*g - 66, -261 = -5*i - 3*g. Let y = -46 + i. Let q be (5 - 17)/(-4)*y/6. Give l(q).
4
Let f(l) = l + 4. Let w(t) = 2*t**2 - 22*t - 120. Let m(a) = 2*a**2 + 23*a + 45. Let p be m(-10). Let x be w(p). Give f(x).
4
Let u = 531 + -528. Let j(d) = d**3 - 3*d**2 - 4. Give j(u).
-4
Let c be 3 + (-14)/6 + 75/9. Let z(k) = k**3 - 11*k**2 + 12*k + 5. Calculate z(c).
-49
Let n be (-4 + -2)*(0 - (0 - 1)). Let l be n - 1/((-6)/36). Let s(m) = -m**3 - m**2 - 7. Give s(l).
-7
Let o(k) be the second derivative of k**5/20 - k**4/6 + k**3/3 - 2*k**2 - 1341*k. Give o(3).
11
Let u = 1260007 - 1260011. Let m(g) = -3*g + 9. Let b(p) = 2*p - 6. Let z = -2 - 3. Let y(j) = z*m(j) - 7*b(j). Give y(u).
-7
Let n(o) = 147257*o - 294510*o + 78 + 147259*o. Give n(-15).
-12
Let o(a) = -2*a + 13. Let x(v) = 18*v - 173. Let r be x(11). Suppose -2*c + 5*s + r = 0, 3*c - 40 = 3*s - 7. Determine o(c).
-7
Let k(l) = -3*l + 7. Let q(f) = -f**2 + 27*f + 3. Suppose -254*r = -251*r - 81. Let v be q(r). Calculate k(v).
-2
Let f(x) = -2*x**3 + 4*x**2 - 10. Let v = 6807 - 6805. Determine f(v).
-10
Let g(f) = 2*f**2 + 19*f - 16. Suppose -2*c - 26*c - 10*c = 418. Calculate g(c).
17
Suppose 9 = -9*m - 18. Let o be (1*m)/((-9)/21). Suppose -o - 29 = -4*s. Let d(c) = 2*c - 7. What is d(s)?
11
Let y be 21/168 + 1631/8. Let a(w) = 14*w**2 - 413 + y + 210. Calculate a(-1).
15
Let t(g) = 7*g**3 + g**2 + 3*g - 3. Let d be 215/301 - 2/(-7). Determine t(d).
8
Let b(d) = d**3 + 4*d**2 - 3*d + 1. Let f be (-10)/55 + 1 + 530/(-110). Give b(f).
13
Let b(r) = -22*r - 26. Let p(a) = 101*a + 106. Let u(f) = 9*b(f) + 2*p(f). What is u(16)?
42
Let f(w) = w**2 + 16*w - 10. Let s = 8306 - 8323. What is f(s)?
7
Let y(w) = -16 - 63*w + 25*w + w**2 + 8*w + 17*w. Determine y(15).
14
Let l(k) = -3*k**3 - 11*k**2 + 16*k - 9. Let v(z) = 4*z**3 + 17*z**2 - 24*z + 13. Let g(s) = -7*l(s) - 5*v(s). Let p be ((10 + -17)*(-4)/8)/(1/2). What is g(p)?
5
Let l = 1457 - 1449. Let m(t) = -t**3 + 8*t**2 + 3*t + 18. Determine m(l).
42
Let d(a) = -2*a + 41. Let b(y) = 3*y - 48. Let r(c) = -6*b(c) - 7*d(c). Determine r(-1).
5
Let g(t) = 12*t**2 + 7*t + 24. Let n(u) = -2*u**2 - u - 4. Let m(s) = -g(s) - 4*n(s). Determine m(-2).
-18
Let p(v) = v**2 - 14*v + 23. Let w be p(13). Suppose 0 = 5*s + w - 5. Let j(o) = 7*o**2 + o + 1. Determine j(s).
7
Let a(u) be the first derivative of u**3/3 - 13*u**2/2 + 22*u + 1012. Calculate a(12).
10
Let p(t) = -t - 3. Let o be ((-4)/(-10))/((-170)/25 - -7). Suppose 102 = -o*x - 3*k, -4*x + 7*x - 5*k + 172 = 0. Let i be (1 - 4/3)/(6/x). What is p(i)?
-6
Let y(t) = -39942 + t + 19975 + 19967. Calculate y(1).
1
Let s(f) = -f - 5. Let u be s(-7). Let x(h) = -3*h**2 - h + 0*h + 8*h**u. Suppose -2*w - 115 = -117. Calculate x(w).
4
Suppose -99*w = -21*w + 1326. Let r(q) = 6*q + 108. Give r(w).
6
Let b(a) = -5*a - 98. Let r = -800 + 781. Determine b(r).
-3
Let w be 2*-4 + 1 - (7 - 14). Let s(p) = -p + 2. What is s(w)?
2
Let h(c) = -c**3 - c**2 + 34*c + 19. Let y = -20779 - -20773. Calculate h(y).
-5
Suppose 4*q + 3*q - 42 = 0. Let y(o) = -7*o**3 - 3*o**2 + 10*o + 5. Let p(x) = -2*x**3 + x**2 + x. Let h(b) = 4*p(b) - y(b). Determine h(q).
-5
Let r(o) = 1258*o**2 + o - 316*o**2 + 2 - 313*o**2 - 315*o**2 - 305*o**2. Suppose -h - t + 2*t - 5 = 0, -5*h = -2*t + 16. Give r(h).
36
Let f(b) = 0 + 0 + 3 + 4*b. Let v be (0 + 1)/(-13*10/(-1690)). Suppose -v = 4*o + s, 2*o - 7*o = 2*s + 20. Calculate f(o).
-5
Let y(r) = -22*r + 12. Let s = -15156 - -15153. What is y(s)?
78
Let q be 401/(-2)*(-4)/2. Let l(g) = g**2 + 44*g - 354. Let d be l(-51). Let k(u) = 395 + 7*u + 2*u**2 - d*u**2 - q. Give k(6).
0
Let p(l) = l - 12. Let y be p(-2). Let t be (-20)/y*(-7)/(-1). Suppose -4*c = 10 - t. Let n(b) = -b**2 - b + 15. Calculate n(c).
15
Let b = -720 - -743. Let s(r) = -r**2 + 38*r - 334. Let x be s(b). Let p(i) = -i**3 + 12*i**2 - 11*i - 12. Give p(x).
-12
Suppose -74*w + 72*w + 3*q = 36, q - 33 = 3*w. Let o(x) = 2*x**3 + 17*x**2 - 7*x - 4. Give o(w).
-22
Let n(m) = m**2 + 10*m - 9. Let i(c) = 4*c**2 + 15*c + 51. Let w be i(-6). Let q be -2 + 6 + w/(-12 - -5). Give n(q).
2
Let u(d) = -7*d**3 + 15*d**2 - 4*d + 46. Let b(j) = 13*j**3 - 30*j**2 + 5*j - 90. Let i(t) = -6*b(t) - 11*u(t). Calculate i(16).
2
Let s(u) be the third derivative of u**6/360 - 11*u**5/120 + 3*u**4/8 + 55*u**3/3 - 279*u**2. Let t(c) be the first derivative of s(c). Calculate t(9).
-9
Let i(t) be the third derivative of 1/24*t**4 + 9*t**2 + 1/6*t**3 + 0 + 0*t. Let v(j) = -j**2 - 9*j - 10. Let k(x) = 4*i(x) + v(x). Calculate k(-5).
-6
Let v(b) = -b**2 - 30*b - 218. Suppose 34*r - 3*x - 30 = 37*r, 5*r = x - 80. Give v(r).
7
Let x(i) = 48 + 7*i - 103 + 67. Let z be x(3). Let a = 28 - z. Let v(b) = -b**3 - 4*b**2 + 6*b - 2. What is v(a)?
-7
Let b be (-2)/((-20)/(-75))*(200/24 + -7). Let j(w) = w**2 + 4*w - 11. What is j(b)?
49
Suppose -11*k + 3*j - 30 = -13*k, 5*k + 5*j - 70 = 0. Let y(f) = f**3 - 14*f**2 + 22*f + 23. Let w be y(k). Let t(s) = -8*s**2 + 1. Give t(w).
-7
Suppose 119 - 229 = -7*h - 89. Let z(c) = -3*c + 4. Determine z(h).
-5
Let u(j) = j**2 + 4*j. Let q = -33955 - -33959. Determine u(q).
32
Let s(b) = -14*b + 44*b + 7 - 27*b. Suppose 304 = -6*i + 44*i. What is s(i)?
31
Let b(d) = -d**2 - 48*d + 62. Let a(r) = 2*r**2 + 106*r - 